{"id":5416,"date":"2026-03-28T03:43:25","date_gmt":"2026-03-28T03:43:25","guid":{"rendered":"https:\/\/www.armound.com\/?product=monitor-samsung-ls24d300-24-full-hd-100hz-i-zi"},"modified":"2026-03-28T03:44:16","modified_gmt":"2026-03-28T03:44:16","slug":"monitor-samsung-ls24d300-24-full-hd-100hz-i-zi","status":"publish","type":"product","link":"https:\/\/armound333.wasmer.app\/?product=monitor-samsung-ls24d300-24-full-hd-100hz-i-zi","title":{"rendered":"Monitor Samsung LS24D300, 24&#8243;, Full HD, 100Hz , i zi"},"content":{"rendered":"<p>Samsung Essential S3 \u00ebsht\u00eb nj\u00eb monitor 24-inch me rezolucion Full HD (1920&#215;1080) dhe panel IPS q\u00eb ofron ngjyra t\u00eb sakta dhe k\u00ebnde t\u00eb gjera shikimi 178\u00b0\/178\u00b0, duke siguruar pamje t\u00eb qart\u00eb nga \u00e7do pozicion. Me refresh rate 100Hz dhe koh\u00eb reagimi 5ms, garanton l\u00ebvizje t\u00eb qet\u00eb dhe p\u00ebrvoj\u00eb t\u00eb k\u00ebndshme gjat\u00eb pun\u00ebs, shikimit t\u00eb filmave apo shfletimit n\u00eb internet, nd\u00ebrsa teknologjit\u00eb p\u00ebr reduktimin e dridhjes dhe filtri i drit\u00ebs blu ndihmojn\u00eb n\u00eb uljen e lodhjes s\u00eb syve. Dizajni minimalist n\u00eb ngjyr\u00eb t\u00eb zez\u00eb p\u00ebrshtatet leht\u00eb n\u00eb \u00e7do ambient, mb\u00ebshtet rregullimin e pjerr\u00ebsis\u00eb dhe \u00ebsht\u00eb i pajtuesh\u00ebm me standardin VESA 100&#215;100 p\u00ebr montim n\u00eb mur, nd\u00ebrsa portet HDMI dhe D-Sub ofrojn\u00eb lidhje t\u00eb leht\u00eb me pajisje t\u00eb ndryshme, duke e b\u00ebr\u00eb nj\u00eb zgjidhje praktike dhe efikase p\u00ebr zyr\u00eb dhe sht\u00ebpi.<\/p>\n","protected":false},"excerpt":{"rendered":"<p>Samsung Essential S3 \u00ebsht\u00eb nj\u00eb monitor 24-inch me rezolucion Full HD (1920&#215;1080) dhe panel IPS q\u00eb ofron ngjyra t\u00eb sakta dhe k\u00ebnde t\u00eb gjera shikimi 178\u00b0\/178\u00b0, duke siguruar pamje t\u00eb<\/p>\n","protected":false},"featured_media":5415,"comment_status":"open","ping_status":"closed","template":"","meta":{"_acf_changed":false},"product_brand":[],"product_cat":[163,93,15],"product_tag":[],"class_list":{"0":"post-5416","1":"product","2":"type-product","3":"status-publish","4":"has-post-thumbnail","6":"product_cat-computer-monitors","7":"product_cat-monitors","8":"product_cat-uncategorized","10":"first","11":"onbackorder","12":"sale","13":"shipping-taxable","14":"purchasable","15":"product-type-simple"},"acf":[],"_links":{"self":[{"href":"https:\/\/armound333.wasmer.app\/index.php?rest_route=\/wp\/v2\/product\/5416","targetHints":{"allow":["GET"]}}],"collection":[{"href":"https:\/\/armound333.wasmer.app\/index.php?rest_route=\/wp\/v2\/product"}],"about":[{"href":"https:\/\/armound333.wasmer.app\/index.php?rest_route=\/wp\/v2\/types\/product"}],"replies":[{"embeddable":true,"href":"https:\/\/armound333.wasmer.app\/index.php?rest_route=%2Fwp%2Fv2%2Fcomments&post=5416"}],"wp:featuredmedia":[{"embeddable":true,"href":"https:\/\/armound333.wasmer.app\/index.php?rest_route=\/wp\/v2\/media\/5415"}],"wp:attachment":[{"href":"https:\/\/armound333.wasmer.app\/index.php?rest_route=%2Fwp%2Fv2%2Fmedia&parent=5416"}],"wp:term":[{"taxonomy":"product_brand","embeddable":true,"href":"https:\/\/armound333.wasmer.app\/index.php?rest_route=%2Fwp%2Fv2%2Fproduct_brand&post=5416"},{"taxonomy":"product_cat","embeddable":true,"href":"https:\/\/armound333.wasmer.app\/index.php?rest_route=%2Fwp%2Fv2%2Fproduct_cat&post=5416"},{"taxonomy":"product_tag","embeddable":true,"href":"https:\/\/armound333.wasmer.app\/index.php?rest_route=%2Fwp%2Fv2%2Fproduct_tag&post=5416"}],"curies":[{"name":"wp","href":"https:\/\/api.w.org\/{rel}","templated":true}]}}